{"id":29,"date":"2025-10-06T12:56:51","date_gmt":"2025-10-06T12:56:51","guid":{"rendered":"https:\/\/handicapafrique.org\/?page_id=29"},"modified":"2025-10-07T12:46:34","modified_gmt":"2025-10-07T12:46:34","slug":"contacts","status":"publish","type":"page","link":"https:\/\/handicapafrique.org\/?page_id=29","title":{"rendered":"Contacts"},"content":{"rendered":"\n<p class=\"has-text-align-center\">Si\u00e8ge social : 4 ter, Avenue Auberge de la Gascogne (Pont ORSTOM) &#8211; Mak\u00e9l\u00e9k\u00e9l\u00e9-Brazzaville) B.P : 2918<\/p>\n\n\n\n<p class=\"has-text-align-center\">Compte UBA : 90403100081-45  T\u00e9l.WhatsApp : (242) 06.661.24.72  \/  05.549.41.83<\/p>\n\n\n\n<p class=\"has-text-align-center\">handicapafrique.org@gmail.com ; www.handicapafrique.org ; www.facebook.com\/handicapafrique2015<\/p>\n\n\n\n<p class=\"has-text-align-center\">R\u00e9publique du Congo<\/p>\n\n\n<div class=\"wp-block-image\">\n<figure class=\"aligncenter size-large\"><img loading=\"lazy\" decoding=\"async\" width=\"1024\" height=\"768\" src=\"https:\/\/handicapafrique.org\/wp-content\/uploads\/2025\/10\/IMG_20241228_152751-1024x768.jpg\" alt=\"\" class=\"wp-image-76\" srcset=\"https:\/\/handicapafrique.org\/wp-content\/uploads\/2025\/10\/IMG_20241228_152751-1024x768.jpg 1024w, https:\/\/handicapafrique.org\/wp-content\/uploads\/2025\/10\/IMG_20241228_152751-300x225.jpg 300w, https:\/\/handicapafrique.org\/wp-content\/uploads\/2025\/10\/IMG_20241228_152751-768x576.jpg 768w, https:\/\/handicapafrique.org\/wp-content\/uploads\/2025\/10\/IMG_20241228_152751-1536x1152.jpg 1536w, https:\/\/handicapafrique.org\/wp-content\/uploads\/2025\/10\/IMG_20241228_152751-2048x1536.jpg 2048w\" sizes=\"auto, (max-width: 1024px) 100vw, 1024px\" \/><\/figure><\/div>","protected":false},"excerpt":{"rendered":"<p>Si\u00e8ge social : 4 ter, Avenue Auberge de la Gascogne (Pont ORSTOM) &#8211; Mak\u00e9l\u00e9k\u00e9l\u00e9-Brazzaville) B.P : 2918 Compte UBA : 90403100081-45 T\u00e9l.WhatsApp : (242) 06.661.24.72 \/ 05.549.41.83 handicapafrique.org@gmail.com ; www.handicapafrique.org ; www.facebook.com\/handicapafrique2015 R\u00e9publique du Congo<\/p>\n","protected":false},"author":1,"featured_media":0,"parent":0,"menu_order":0,"comment_status":"closed","ping_status":"closed","template":"","meta":{"footnotes":""},"class_list":["post-29","page","type-page","status-publish","hentry"],"aioseo_notices":[],"_hostinger_reach_plugin_has_subscription_block":false,"_hostinger_reach_plugin_is_elementor":false,"_links":{"self":[{"href":"https:\/\/handicapafrique.org\/index.php?rest_route=\/wp\/v2\/pages\/29","targetHints":{"allow":["GET"]}}],"collection":[{"href":"https:\/\/handicapafrique.org\/index.php?rest_route=\/wp\/v2\/pages"}],"about":[{"href":"https:\/\/handicapafrique.org\/index.php?rest_route=\/wp\/v2\/types\/page"}],"author":[{"embeddable":true,"href":"https:\/\/handicapafrique.org\/index.php?rest_route=\/wp\/v2\/users\/1"}],"replies":[{"embeddable":true,"href":"https:\/\/handicapafrique.org\/index.php?rest_route=%2Fwp%2Fv2%2Fcomments&post=29"}],"version-history":[{"count":3,"href":"https:\/\/handicapafrique.org\/index.php?rest_route=\/wp\/v2\/pages\/29\/revisions"}],"predecessor-version":[{"id":77,"href":"https:\/\/handicapafrique.org\/index.php?rest_route=\/wp\/v2\/pages\/29\/revisions\/77"}],"wp:attachment":[{"href":"https:\/\/handicapafrique.org\/index.php?rest_route=%2Fwp%2Fv2%2Fmedia&parent=29"}],"curies":[{"name":"wp","href":"https:\/\/api.w.org\/{rel}","templated":true}]}}